{"id":15,"date":"2016-06-22T09:15:08","date_gmt":"2016-06-22T09:15:08","guid":{"rendered":"http:\/\/dj-bert.it-schiller.de\/?page_id=15"},"modified":"2016-06-22T09:15:08","modified_gmt":"2016-06-22T09:15:08","slug":"impressum","status":"publish","type":"page","link":"https:\/\/schillers-service.de\/dj-bertbak\/ueber-dj-bert\/impressum\/","title":{"rendered":"Impressum"},"content":{"rendered":"<div>Gem\u00e4\u00df 5 28 BDSG widersprechen wir jeder kommerziellen Verwendung und Weitergabe unserer Daten.<\/div>\n<div>Des Weiteren distanzieren wir uns von jeglichen G\u00e4stebucheintr\u00e4gen mit politischen sowie gesetzes- und sittenwidrigen Inhalten.<\/div>\n<div>Wir weisen darauf hin, dass entsprechende Eintr\u00e4ge zeitnah gel\u00f6scht und zur Anzeige gebracht werden.<\/div>\n<div><\/div>\n<div><\/div>\n<h3><strong>Haftungsausschlu\u00df:<\/strong><\/h3>\n<div>Die Weh-Pr\u00e4senz ist Teil des www und gegebenenfalls mit fremden, jederzeit ver\u00e4nderbaren Web-Sites verkn\u00fcpft, die nicht unserem<br \/>\nVerantwortungsbereich unterliegen.<\/div>\n<div>Eingef\u00fcgte Links wurden einmalig vor Aufnahme in unsere Website \u00fcberpr\u00fcft. Hierbei wurde festgestellt, dass zu diesem Zeitpunkt keinerlei<br \/>\nVerst\u00f6\u00dfe gegen Sitte und Recht vorlagen.<\/div>\n<div>Links zu fremden Webprojekten erkennen Sie an dem sich neu \u00f6ffnenden Browserfenster.<\/div>\n<div><\/div>\n<div>Die Inhalte dieses Webprojektes wurden sorgf\u00e4ltig gepr\u00fcft und nach bestem Wissen erstellt. Es kann keine Verantwortung f\u00fcr Sch\u00e4den \u00fcbernommen<br \/>\nwerden, die durch den Gebrauch der Inhalte dieser Website entstehen.<\/div>\n<div><\/div>\n<div><\/div>\n<h3><strong>Schutzrechtsverletzung:<\/strong><\/h3>\n<div>Sollten Sie die Verletzung eines Ihrer Schutzrechte durch diese Website vermuten, bitten wir um Mitteilung unter Verwendung der vorstehend<br \/>\ngenannten Kontaktdaten um unverz\u00fcglich Abhilfe schaffen zu k\u00f6nnen.<\/div>\n<div><\/div>\n<div>Dieses Impressum glit ausschlie\u00dflich f\u00fcr unsere Internetpr\u00e4senz unter <a href=\"http:\/\/dj-bert..de\"><strong>dj-bert..de<\/strong><\/a><\/div>\n<div><span style=\"color: #000000\">\u00a0<\/span><\/div>\n<p style=\"text-align: center\">Verantwortlich f\u00fcr diese Seiten ist:<\/p>\n<div id=\"zentrum\">\n<div id=\"main\">\n<div id=\"inhalt\">\n<div align=\"center\">\n<h2 style=\"text-align: center\">DJ Bert<\/h2>\n<div>\n<div>\u00a0Licht-Ton-Event-Technik<\/div>\n<div>Berthold Krips<\/div>\n<div style=\"text-align: center\" align=\"left\">\n<div><\/div>\n<div><span style=\"color: #000000\">Nibelungenstrasse 8<\/span><\/div>\n<\/div>\n<div style=\"text-align: center\" align=\"left\"><span style=\"color: #000000\">53859 Niederkassel<\/span><\/div>\n<div style=\"text-align: center\" align=\"left\"><\/div>\n<div style=\"text-align: center\" align=\"left\"><span style=\"color: #000000\">Telefon: +49 (0)2208\u00a0913109<\/span><br \/>\n<span style=\"color: #000000\">Mobile: +49 (0)1722975907<\/span><\/div>\n<div style=\"text-align: center\" align=\"left\"><\/div>\n<div style=\"text-align: center\" align=\"left\"><span style=\"color: #000000\">E-Mail: nc-kripsbe@netcologne.de<\/span><\/div>\n<\/div>\n<\/div>\n<\/div>\n<\/div>\n<\/div>\n<div id=\"rmenue\"><span style=\"color: #000000\">\u00a0<\/span><\/div>\n<div class=\"nfloat\"><span style=\"color: #000000\">\u00a0<\/span><\/div>\n<div id=\"footer\" style=\"text-align: center\"><span style=\"color: #000000\"> \u00a9 by IT-Schiller creating for DJ-Bert<\/span><\/div>\n","protected":false},"excerpt":{"rendered":"<p>Gem\u00e4\u00df 5 28 BDSG widersprechen wir jeder kommerziellen Verwendung und Weitergabe unserer Daten. Des Weiteren distanzieren wir uns von jeglichen G\u00e4stebucheintr\u00e4gen mit politischen sowie gesetzes- und sittenwidrigen Inhalten. Wir weisen [&hellip;]<\/p>\n","protected":false},"author":1,"featured_media":0,"parent":13,"menu_order":0,"comment_status":"closed","ping_status":"closed","template":"","meta":{"footnotes":""},"class_list":["post-15","page","type-page","status-publish"],"yoast_head":"<!-- This site is optimized with the Yoast SEO plugin v25.3 - https:\/\/yoast.com\/wordpress\/plugins\/seo\/ -->\n<title>Impressum - Backup of DJ-Bert<\/title>\n<meta name=\"robots\" content=\"index, follow, max-snippet:-1, max-image-preview:large, max-video-preview:-1\" \/>\n<link rel=\"canonical\" href=\"https:\/\/schillers-service.de\/dj-bertbak\/ueber-dj-bert\/impressum\/\" \/>\n<meta property=\"og:locale\" content=\"de_DE\" \/>\n<meta property=\"og:type\" content=\"article\" \/>\n<meta property=\"og:title\" content=\"Impressum - Backup of DJ-Bert\" \/>\n<meta property=\"og:description\" content=\"Gem\u00e4\u00df 5 28 BDSG widersprechen wir jeder kommerziellen Verwendung und Weitergabe unserer Daten. Des Weiteren distanzieren wir uns von jeglichen G\u00e4stebucheintr\u00e4gen mit politischen sowie gesetzes- und sittenwidrigen Inhalten. Wir weisen [&hellip;]\" \/>\n<meta property=\"og:url\" content=\"https:\/\/schillers-service.de\/dj-bertbak\/ueber-dj-bert\/impressum\/\" \/>\n<meta property=\"og:site_name\" content=\"Backup of DJ-Bert\" \/>\n<meta name=\"twitter:card\" content=\"summary_large_image\" \/>\n<meta name=\"twitter:label1\" content=\"Gesch\u00e4tzte Lesezeit\" \/>\n\t<meta name=\"twitter:data1\" content=\"1\u00a0Minute\" \/>\n<script type=\"application\/ld+json\" class=\"yoast-schema-graph\">{\"@context\":\"https:\/\/schema.org\",\"@graph\":[{\"@type\":\"WebPage\",\"@id\":\"https:\/\/schillers-service.de\/dj-bertbak\/ueber-dj-bert\/impressum\/\",\"url\":\"https:\/\/schillers-service.de\/dj-bertbak\/ueber-dj-bert\/impressum\/\",\"name\":\"Impressum - Backup of DJ-Bert\",\"isPartOf\":{\"@id\":\"https:\/\/schillers-service.de\/dj-bertbak\/#website\"},\"datePublished\":\"2016-06-22T09:15:08+00:00\",\"breadcrumb\":{\"@id\":\"https:\/\/schillers-service.de\/dj-bertbak\/ueber-dj-bert\/impressum\/#breadcrumb\"},\"inLanguage\":\"de\",\"potentialAction\":[{\"@type\":\"ReadAction\",\"target\":[\"https:\/\/schillers-service.de\/dj-bertbak\/ueber-dj-bert\/impressum\/\"]}]},{\"@type\":\"BreadcrumbList\",\"@id\":\"https:\/\/schillers-service.de\/dj-bertbak\/ueber-dj-bert\/impressum\/#breadcrumb\",\"itemListElement\":[{\"@type\":\"ListItem\",\"position\":1,\"name\":\"Startseite\",\"item\":\"https:\/\/schillers-service.de\/dj-bertbak\/\"},{\"@type\":\"ListItem\",\"position\":2,\"name\":\"\u00dcber DJ-Bert\",\"item\":\"https:\/\/schillers-service.de\/dj-bertbak\/ueber-dj-bert\/\"},{\"@type\":\"ListItem\",\"position\":3,\"name\":\"Impressum\"}]},{\"@type\":\"WebSite\",\"@id\":\"https:\/\/schillers-service.de\/dj-bertbak\/#website\",\"url\":\"https:\/\/schillers-service.de\/dj-bertbak\/\",\"name\":\"Backup of DJ-Bert\",\"description\":\"Gute Laune ist mein Motto\",\"publisher\":{\"@id\":\"https:\/\/schillers-service.de\/dj-bertbak\/#\/schema\/person\/033d26dc771cdb558bce72a55588d761\"},\"potentialAction\":[{\"@type\":\"SearchAction\",\"target\":{\"@type\":\"EntryPoint\",\"urlTemplate\":\"https:\/\/schillers-service.de\/dj-bertbak\/?s={search_term_string}\"},\"query-input\":{\"@type\":\"PropertyValueSpecification\",\"valueRequired\":true,\"valueName\":\"search_term_string\"}}],\"inLanguage\":\"de\"},{\"@type\":[\"Person\",\"Organization\"],\"@id\":\"https:\/\/schillers-service.de\/dj-bertbak\/#\/schema\/person\/033d26dc771cdb558bce72a55588d761\",\"name\":\"Berthold Krips\",\"image\":{\"@type\":\"ImageObject\",\"inLanguage\":\"de\",\"@id\":\"https:\/\/schillers-service.de\/dj-bertbak\/#\/schema\/person\/image\/\",\"url\":\"https:\/\/schillers-service.de\/dj-bertbak\/wp-content\/uploads\/sites\/18\/2018\/04\/cropped-bert2-1-e1523270226374-2.jpg\",\"contentUrl\":\"https:\/\/schillers-service.de\/dj-bertbak\/wp-content\/uploads\/sites\/18\/2018\/04\/cropped-bert2-1-e1523270226374-2.jpg\",\"width\":660,\"height\":794,\"caption\":\"Berthold Krips\"},\"logo\":{\"@id\":\"https:\/\/schillers-service.de\/dj-bertbak\/#\/schema\/person\/image\/\"},\"sameAs\":[\"http:\/\/dj-bert.de\"]}]}<\/script>\n<!-- \/ Yoast SEO plugin. -->","yoast_head_json":{"title":"Impressum - Backup of DJ-Bert","robots":{"index":"index","follow":"follow","max-snippet":"max-snippet:-1","max-image-preview":"max-image-preview:large","max-video-preview":"max-video-preview:-1"},"canonical":"https:\/\/schillers-service.de\/dj-bertbak\/ueber-dj-bert\/impressum\/","og_locale":"de_DE","og_type":"article","og_title":"Impressum - Backup of DJ-Bert","og_description":"Gem\u00e4\u00df 5 28 BDSG widersprechen wir jeder kommerziellen Verwendung und Weitergabe unserer Daten. Des Weiteren distanzieren wir uns von jeglichen G\u00e4stebucheintr\u00e4gen mit politischen sowie gesetzes- und sittenwidrigen Inhalten. Wir weisen [&hellip;]","og_url":"https:\/\/schillers-service.de\/dj-bertbak\/ueber-dj-bert\/impressum\/","og_site_name":"Backup of DJ-Bert","twitter_card":"summary_large_image","twitter_misc":{"Gesch\u00e4tzte Lesezeit":"1\u00a0Minute"},"schema":{"@context":"https:\/\/schema.org","@graph":[{"@type":"WebPage","@id":"https:\/\/schillers-service.de\/dj-bertbak\/ueber-dj-bert\/impressum\/","url":"https:\/\/schillers-service.de\/dj-bertbak\/ueber-dj-bert\/impressum\/","name":"Impressum - Backup of DJ-Bert","isPartOf":{"@id":"https:\/\/schillers-service.de\/dj-bertbak\/#website"},"datePublished":"2016-06-22T09:15:08+00:00","breadcrumb":{"@id":"https:\/\/schillers-service.de\/dj-bertbak\/ueber-dj-bert\/impressum\/#breadcrumb"},"inLanguage":"de","potentialAction":[{"@type":"ReadAction","target":["https:\/\/schillers-service.de\/dj-bertbak\/ueber-dj-bert\/impressum\/"]}]},{"@type":"BreadcrumbList","@id":"https:\/\/schillers-service.de\/dj-bertbak\/ueber-dj-bert\/impressum\/#breadcrumb","itemListElement":[{"@type":"ListItem","position":1,"name":"Startseite","item":"https:\/\/schillers-service.de\/dj-bertbak\/"},{"@type":"ListItem","position":2,"name":"\u00dcber DJ-Bert","item":"https:\/\/schillers-service.de\/dj-bertbak\/ueber-dj-bert\/"},{"@type":"ListItem","position":3,"name":"Impressum"}]},{"@type":"WebSite","@id":"https:\/\/schillers-service.de\/dj-bertbak\/#website","url":"https:\/\/schillers-service.de\/dj-bertbak\/","name":"Backup of DJ-Bert","description":"Gute Laune ist mein Motto","publisher":{"@id":"https:\/\/schillers-service.de\/dj-bertbak\/#\/schema\/person\/033d26dc771cdb558bce72a55588d761"},"potentialAction":[{"@type":"SearchAction","target":{"@type":"EntryPoint","urlTemplate":"https:\/\/schillers-service.de\/dj-bertbak\/?s={search_term_string}"},"query-input":{"@type":"PropertyValueSpecification","valueRequired":true,"valueName":"search_term_string"}}],"inLanguage":"de"},{"@type":["Person","Organization"],"@id":"https:\/\/schillers-service.de\/dj-bertbak\/#\/schema\/person\/033d26dc771cdb558bce72a55588d761","name":"Berthold Krips","image":{"@type":"ImageObject","inLanguage":"de","@id":"https:\/\/schillers-service.de\/dj-bertbak\/#\/schema\/person\/image\/","url":"https:\/\/schillers-service.de\/dj-bertbak\/wp-content\/uploads\/sites\/18\/2018\/04\/cropped-bert2-1-e1523270226374-2.jpg","contentUrl":"https:\/\/schillers-service.de\/dj-bertbak\/wp-content\/uploads\/sites\/18\/2018\/04\/cropped-bert2-1-e1523270226374-2.jpg","width":660,"height":794,"caption":"Berthold Krips"},"logo":{"@id":"https:\/\/schillers-service.de\/dj-bertbak\/#\/schema\/person\/image\/"},"sameAs":["http:\/\/dj-bert.de"]}]}},"_links":{"self":[{"href":"https:\/\/schillers-service.de\/dj-bertbak\/wp-json\/wp\/v2\/pages\/15","targetHints":{"allow":["GET"]}}],"collection":[{"href":"https:\/\/schillers-service.de\/dj-bertbak\/wp-json\/wp\/v2\/pages"}],"about":[{"href":"https:\/\/schillers-service.de\/dj-bertbak\/wp-json\/wp\/v2\/types\/page"}],"author":[{"embeddable":true,"href":"https:\/\/schillers-service.de\/dj-bertbak\/wp-json\/wp\/v2\/users\/1"}],"replies":[{"embeddable":true,"href":"https:\/\/schillers-service.de\/dj-bertbak\/wp-json\/wp\/v2\/comments?post=15"}],"version-history":[{"count":0,"href":"https:\/\/schillers-service.de\/dj-bertbak\/wp-json\/wp\/v2\/pages\/15\/revisions"}],"up":[{"embeddable":true,"href":"https:\/\/schillers-service.de\/dj-bertbak\/wp-json\/wp\/v2\/pages\/13"}],"wp:attachment":[{"href":"https:\/\/schillers-service.de\/dj-bertbak\/wp-json\/wp\/v2\/media?parent=15"}],"curies":[{"name":"wp","href":"https:\/\/api.w.org\/{rel}","templated":true}]}}