{"id":13,"date":"2016-06-22T09:13:14","date_gmt":"2016-06-22T09:13:14","guid":{"rendered":"http:\/\/dj-bert.it-schiller.de\/?page_id=13"},"modified":"2020-01-18T10:22:24","modified_gmt":"2020-01-18T09:22:24","slug":"ueber-dj-bert","status":"publish","type":"page","link":"https:\/\/schillers-service.de\/dj-bertbak\/ueber-dj-bert\/","title":{"rendered":"\u00dcber DJ-Bert"},"content":{"rendered":"<p>DJ-Bert hat sich einen Namen weit \u00fcber den Rhein-Sieg-Kreis hinaus gemacht. &#8216;DJ-Bert&#8217; steht f\u00fcr volle S\u00e4le, gute Laune, einzigartige Stimmung und unvergessliche Events, indem er sich gekonnt \u00a0und individuell auf die W\u00fcnsche seines Publikums aller Altersgruppen einstellt.<\/p>\n<figure id=\"attachment_149\" aria-describedby=\"caption-attachment-149\" style=\"width: 300px\" class=\"wp-caption alignright\"><a href=\"http:\/\/dj-bert.it-schiller.de\/wp-content\/uploads\/2016\/06\/bild10.png\"><img loading=\"lazy\" decoding=\"async\" class=\"wp-image-149 size-medium\" title=\"\u00dcber DJ-Bert\" src=\"https:\/\/schillers-service.de\/djbert\/wp-content\/uploads\/sites\/5\/2016\/06\/bild10-1-300x200.png\" alt=\"DJ-Bert mit Sohn.\" width=\"300\" height=\"200\" srcset=\"https:\/\/schillers-service.de\/dj-bertbak\/wp-content\/uploads\/sites\/18\/2016\/06\/bild10-1-300x200.png 300w, https:\/\/schillers-service.de\/dj-bertbak\/wp-content\/uploads\/sites\/18\/2016\/06\/bild10-1-768x512.png 768w, https:\/\/schillers-service.de\/dj-bertbak\/wp-content\/uploads\/sites\/18\/2016\/06\/bild10-1.png 900w\" sizes=\"auto, (max-width: 300px) 100vw, 300px\" \/><\/a><figcaption id=\"caption-attachment-149\" class=\"wp-caption-text\">DJ-Bert mit Sohn.<\/figcaption><\/figure>\n<p>Mit DJ-Bert holen Sie sich die gute Laune Garantie ins Haus, auch unsere Referenzen lassen sich sehen.<\/p>\n<h2>Referenzen von DJ-Bert:<\/h2>\n<ul>\n<li><strong>Mondorfer Schlagern\u00e4chte<\/strong><\/li>\n<li><strong>Karnevalsveranstalltungen<\/strong><br \/>\nu.a.<\/p>\n<ul>\n<li><a href=\"http:\/\/www.peters-brauhaus.de\/\">Peters Brauhaus K\u00f6ln<\/a><\/li>\n<li>Wichterich<\/li>\n<li>Odendorf<\/li>\n<li>Oberkassel<\/li>\n<li>Niederelvenich<\/li>\n<\/ul>\n<\/li>\n<li><strong>Betriebsfeste<\/strong><br \/>\nu.a.<\/p>\n<ul>\n<li>Firma Hertz<\/li>\n<li>Firma Rungis<\/li>\n<li><a href=\"http:\/\/www.feuerwehr-meckenheim.de\/\">Freiwillige Feuerwehr Meckenheim<\/a><\/li>\n<\/ul>\n<\/li>\n<\/ul>\n<p><strong>Diverse private Auftritte bei Hochzeiten, Geburtstagen, Jubil\u00e4en usw.<\/strong><\/p>\n","protected":false},"excerpt":{"rendered":"<p>DJ-Bert hat sich einen Namen weit \u00fcber den Rhein-Sieg-Kreis hinaus gemacht. &#8216;DJ-Bert&#8217; steht f\u00fcr volle S\u00e4le, gute Laune, einzigartige Stimmung und unvergessliche Events, indem er sich gekonnt \u00a0und individuell auf [&hellip;]<\/p>\n","protected":false},"author":1,"featured_media":0,"parent":0,"menu_order":0,"comment_status":"closed","ping_status":"closed","template":"","meta":{"footnotes":""},"class_list":["post-13","page","type-page","status-publish"],"yoast_head":"<!-- This site is optimized with the Yoast SEO plugin v25.3 - https:\/\/yoast.com\/wordpress\/plugins\/seo\/ -->\n<title>\u00dcber DJ-Bert - Backup of DJ-Bert<\/title>\n<meta name=\"description\" content=\"DJ-Bert hat sich einen Namen weit \u00fcber den Rhein-Sieg-Kreis hinaus gemacht. &#039;DJ-Bert&#039; steht f\u00fcr volle S\u00e4le, gute Laune, einzigartige Stimmung.\" \/>\n<meta name=\"robots\" content=\"index, follow, max-snippet:-1, max-image-preview:large, max-video-preview:-1\" \/>\n<link rel=\"canonical\" href=\"https:\/\/schillers-service.de\/dj-bertbak\/ueber-dj-bert\/\" \/>\n<meta property=\"og:locale\" content=\"de_DE\" \/>\n<meta property=\"og:type\" content=\"article\" \/>\n<meta property=\"og:title\" content=\"\u00dcber DJ-Bert - Backup of DJ-Bert\" \/>\n<meta property=\"og:description\" content=\"DJ-Bert hat sich einen Namen weit \u00fcber den Rhein-Sieg-Kreis hinaus gemacht. &#039;DJ-Bert&#039; steht f\u00fcr volle S\u00e4le, gute Laune, einzigartige Stimmung.\" \/>\n<meta property=\"og:url\" content=\"https:\/\/schillers-service.de\/dj-bertbak\/ueber-dj-bert\/\" \/>\n<meta property=\"og:site_name\" content=\"Backup of DJ-Bert\" \/>\n<meta property=\"article:modified_time\" content=\"2020-01-18T09:22:24+00:00\" \/>\n<meta property=\"og:image\" content=\"https:\/\/schillers-service.de\/djbert\/wp-content\/uploads\/sites\/5\/2016\/06\/bild10-1-300x200.png\" \/>\n<meta name=\"twitter:card\" content=\"summary_large_image\" \/>\n<meta name=\"twitter:label1\" content=\"Gesch\u00e4tzte Lesezeit\" \/>\n\t<meta name=\"twitter:data1\" content=\"1\u00a0Minute\" \/>\n<script type=\"application\/ld+json\" class=\"yoast-schema-graph\">{\"@context\":\"https:\/\/schema.org\",\"@graph\":[{\"@type\":\"WebPage\",\"@id\":\"https:\/\/schillers-service.de\/dj-bertbak\/ueber-dj-bert\/\",\"url\":\"https:\/\/schillers-service.de\/dj-bertbak\/ueber-dj-bert\/\",\"name\":\"\u00dcber DJ-Bert - Backup of DJ-Bert\",\"isPartOf\":{\"@id\":\"https:\/\/schillers-service.de\/dj-bertbak\/#website\"},\"primaryImageOfPage\":{\"@id\":\"https:\/\/schillers-service.de\/dj-bertbak\/ueber-dj-bert\/#primaryimage\"},\"image\":{\"@id\":\"https:\/\/schillers-service.de\/dj-bertbak\/ueber-dj-bert\/#primaryimage\"},\"thumbnailUrl\":\"https:\/\/schillers-service.de\/djbert\/wp-content\/uploads\/sites\/5\/2016\/06\/bild10-1-300x200.png\",\"datePublished\":\"2016-06-22T09:13:14+00:00\",\"dateModified\":\"2020-01-18T09:22:24+00:00\",\"description\":\"DJ-Bert hat sich einen Namen weit \u00fcber den Rhein-Sieg-Kreis hinaus gemacht. 'DJ-Bert' steht f\u00fcr volle S\u00e4le, gute Laune, einzigartige Stimmung.\",\"breadcrumb\":{\"@id\":\"https:\/\/schillers-service.de\/dj-bertbak\/ueber-dj-bert\/#breadcrumb\"},\"inLanguage\":\"de\",\"potentialAction\":[{\"@type\":\"ReadAction\",\"target\":[\"https:\/\/schillers-service.de\/dj-bertbak\/ueber-dj-bert\/\"]}]},{\"@type\":\"ImageObject\",\"inLanguage\":\"de\",\"@id\":\"https:\/\/schillers-service.de\/dj-bertbak\/ueber-dj-bert\/#primaryimage\",\"url\":\"https:\/\/schillers-service.de\/djbert\/wp-content\/uploads\/sites\/5\/2016\/06\/bild10-1-300x200.png\",\"contentUrl\":\"https:\/\/schillers-service.de\/djbert\/wp-content\/uploads\/sites\/5\/2016\/06\/bild10-1-300x200.png\"},{\"@type\":\"BreadcrumbList\",\"@id\":\"https:\/\/schillers-service.de\/dj-bertbak\/ueber-dj-bert\/#breadcrumb\",\"itemListElement\":[{\"@type\":\"ListItem\",\"position\":1,\"name\":\"Startseite\",\"item\":\"https:\/\/schillers-service.de\/dj-bertbak\/\"},{\"@type\":\"ListItem\",\"position\":2,\"name\":\"\u00dcber DJ-Bert\"}]},{\"@type\":\"WebSite\",\"@id\":\"https:\/\/schillers-service.de\/dj-bertbak\/#website\",\"url\":\"https:\/\/schillers-service.de\/dj-bertbak\/\",\"name\":\"Backup of DJ-Bert\",\"description\":\"Gute Laune ist mein Motto\",\"publisher\":{\"@id\":\"https:\/\/schillers-service.de\/dj-bertbak\/#\/schema\/person\/033d26dc771cdb558bce72a55588d761\"},\"potentialAction\":[{\"@type\":\"SearchAction\",\"target\":{\"@type\":\"EntryPoint\",\"urlTemplate\":\"https:\/\/schillers-service.de\/dj-bertbak\/?s={search_term_string}\"},\"query-input\":{\"@type\":\"PropertyValueSpecification\",\"valueRequired\":true,\"valueName\":\"search_term_string\"}}],\"inLanguage\":\"de\"},{\"@type\":[\"Person\",\"Organization\"],\"@id\":\"https:\/\/schillers-service.de\/dj-bertbak\/#\/schema\/person\/033d26dc771cdb558bce72a55588d761\",\"name\":\"Berthold Krips\",\"image\":{\"@type\":\"ImageObject\",\"inLanguage\":\"de\",\"@id\":\"https:\/\/schillers-service.de\/dj-bertbak\/#\/schema\/person\/image\/\",\"url\":\"https:\/\/schillers-service.de\/dj-bertbak\/wp-content\/uploads\/sites\/18\/2018\/04\/cropped-bert2-1-e1523270226374-2.jpg\",\"contentUrl\":\"https:\/\/schillers-service.de\/dj-bertbak\/wp-content\/uploads\/sites\/18\/2018\/04\/cropped-bert2-1-e1523270226374-2.jpg\",\"width\":660,\"height\":794,\"caption\":\"Berthold Krips\"},\"logo\":{\"@id\":\"https:\/\/schillers-service.de\/dj-bertbak\/#\/schema\/person\/image\/\"},\"sameAs\":[\"http:\/\/dj-bert.de\"]}]}<\/script>\n<!-- \/ Yoast SEO plugin. -->","yoast_head_json":{"title":"\u00dcber DJ-Bert - Backup of DJ-Bert","description":"DJ-Bert hat sich einen Namen weit \u00fcber den Rhein-Sieg-Kreis hinaus gemacht. 'DJ-Bert' steht f\u00fcr volle S\u00e4le, gute Laune, einzigartige Stimmung.","robots":{"index":"index","follow":"follow","max-snippet":"max-snippet:-1","max-image-preview":"max-image-preview:large","max-video-preview":"max-video-preview:-1"},"canonical":"https:\/\/schillers-service.de\/dj-bertbak\/ueber-dj-bert\/","og_locale":"de_DE","og_type":"article","og_title":"\u00dcber DJ-Bert - Backup of DJ-Bert","og_description":"DJ-Bert hat sich einen Namen weit \u00fcber den Rhein-Sieg-Kreis hinaus gemacht. 'DJ-Bert' steht f\u00fcr volle S\u00e4le, gute Laune, einzigartige Stimmung.","og_url":"https:\/\/schillers-service.de\/dj-bertbak\/ueber-dj-bert\/","og_site_name":"Backup of DJ-Bert","article_modified_time":"2020-01-18T09:22:24+00:00","og_image":[{"url":"https:\/\/schillers-service.de\/djbert\/wp-content\/uploads\/sites\/5\/2016\/06\/bild10-1-300x200.png","type":"","width":"","height":""}],"twitter_card":"summary_large_image","twitter_misc":{"Gesch\u00e4tzte Lesezeit":"1\u00a0Minute"},"schema":{"@context":"https:\/\/schema.org","@graph":[{"@type":"WebPage","@id":"https:\/\/schillers-service.de\/dj-bertbak\/ueber-dj-bert\/","url":"https:\/\/schillers-service.de\/dj-bertbak\/ueber-dj-bert\/","name":"\u00dcber DJ-Bert - Backup of DJ-Bert","isPartOf":{"@id":"https:\/\/schillers-service.de\/dj-bertbak\/#website"},"primaryImageOfPage":{"@id":"https:\/\/schillers-service.de\/dj-bertbak\/ueber-dj-bert\/#primaryimage"},"image":{"@id":"https:\/\/schillers-service.de\/dj-bertbak\/ueber-dj-bert\/#primaryimage"},"thumbnailUrl":"https:\/\/schillers-service.de\/djbert\/wp-content\/uploads\/sites\/5\/2016\/06\/bild10-1-300x200.png","datePublished":"2016-06-22T09:13:14+00:00","dateModified":"2020-01-18T09:22:24+00:00","description":"DJ-Bert hat sich einen Namen weit \u00fcber den Rhein-Sieg-Kreis hinaus gemacht. 'DJ-Bert' steht f\u00fcr volle S\u00e4le, gute Laune, einzigartige Stimmung.","breadcrumb":{"@id":"https:\/\/schillers-service.de\/dj-bertbak\/ueber-dj-bert\/#breadcrumb"},"inLanguage":"de","potentialAction":[{"@type":"ReadAction","target":["https:\/\/schillers-service.de\/dj-bertbak\/ueber-dj-bert\/"]}]},{"@type":"ImageObject","inLanguage":"de","@id":"https:\/\/schillers-service.de\/dj-bertbak\/ueber-dj-bert\/#primaryimage","url":"https:\/\/schillers-service.de\/djbert\/wp-content\/uploads\/sites\/5\/2016\/06\/bild10-1-300x200.png","contentUrl":"https:\/\/schillers-service.de\/djbert\/wp-content\/uploads\/sites\/5\/2016\/06\/bild10-1-300x200.png"},{"@type":"BreadcrumbList","@id":"https:\/\/schillers-service.de\/dj-bertbak\/ueber-dj-bert\/#breadcrumb","itemListElement":[{"@type":"ListItem","position":1,"name":"Startseite","item":"https:\/\/schillers-service.de\/dj-bertbak\/"},{"@type":"ListItem","position":2,"name":"\u00dcber DJ-Bert"}]},{"@type":"WebSite","@id":"https:\/\/schillers-service.de\/dj-bertbak\/#website","url":"https:\/\/schillers-service.de\/dj-bertbak\/","name":"Backup of DJ-Bert","description":"Gute Laune ist mein Motto","publisher":{"@id":"https:\/\/schillers-service.de\/dj-bertbak\/#\/schema\/person\/033d26dc771cdb558bce72a55588d761"},"potentialAction":[{"@type":"SearchAction","target":{"@type":"EntryPoint","urlTemplate":"https:\/\/schillers-service.de\/dj-bertbak\/?s={search_term_string}"},"query-input":{"@type":"PropertyValueSpecification","valueRequired":true,"valueName":"search_term_string"}}],"inLanguage":"de"},{"@type":["Person","Organization"],"@id":"https:\/\/schillers-service.de\/dj-bertbak\/#\/schema\/person\/033d26dc771cdb558bce72a55588d761","name":"Berthold Krips","image":{"@type":"ImageObject","inLanguage":"de","@id":"https:\/\/schillers-service.de\/dj-bertbak\/#\/schema\/person\/image\/","url":"https:\/\/schillers-service.de\/dj-bertbak\/wp-content\/uploads\/sites\/18\/2018\/04\/cropped-bert2-1-e1523270226374-2.jpg","contentUrl":"https:\/\/schillers-service.de\/dj-bertbak\/wp-content\/uploads\/sites\/18\/2018\/04\/cropped-bert2-1-e1523270226374-2.jpg","width":660,"height":794,"caption":"Berthold Krips"},"logo":{"@id":"https:\/\/schillers-service.de\/dj-bertbak\/#\/schema\/person\/image\/"},"sameAs":["http:\/\/dj-bert.de"]}]}},"_links":{"self":[{"href":"https:\/\/schillers-service.de\/dj-bertbak\/wp-json\/wp\/v2\/pages\/13","targetHints":{"allow":["GET"]}}],"collection":[{"href":"https:\/\/schillers-service.de\/dj-bertbak\/wp-json\/wp\/v2\/pages"}],"about":[{"href":"https:\/\/schillers-service.de\/dj-bertbak\/wp-json\/wp\/v2\/types\/page"}],"author":[{"embeddable":true,"href":"https:\/\/schillers-service.de\/dj-bertbak\/wp-json\/wp\/v2\/users\/1"}],"replies":[{"embeddable":true,"href":"https:\/\/schillers-service.de\/dj-bertbak\/wp-json\/wp\/v2\/comments?post=13"}],"version-history":[{"count":1,"href":"https:\/\/schillers-service.de\/dj-bertbak\/wp-json\/wp\/v2\/pages\/13\/revisions"}],"predecessor-version":[{"id":1205,"href":"https:\/\/schillers-service.de\/dj-bertbak\/wp-json\/wp\/v2\/pages\/13\/revisions\/1205"}],"wp:attachment":[{"href":"https:\/\/schillers-service.de\/dj-bertbak\/wp-json\/wp\/v2\/media?parent=13"}],"curies":[{"name":"wp","href":"https:\/\/api.w.org\/{rel}","templated":true}]}}